.
7
Calculate the greatest common factor of 2 and 61.
1
What is the greatest common divisor of 363 and 66?
33
Calculate the highest common factor of 1910 and 10.
10
Calculate the highest common divisor of 8 and 53.
1
Calculate the highest common divisor of 6169 and 796.
199
Calculate the greatest common factor of 69 and 161.
23
What is the greatest common factor of 100 and 38650?
50
Calculate the greatest common factor of 83636 and 29.
29
Calculate the highest common factor of 264 and 376.
8
Calculate the greatest common factor of 104 and 13.
13
What is the greatest common divisor of 27 and 93?
3
What is the greatest common factor of 9 and 5184?
9
What is the greatest common divisor of 94 and 517?
47
What is the greatest common divisor of 4 and 178?
2
Calculate the greatest common divisor of 32 and 184.
8
Calculate the greatest common divisor of 94 and 4.
2
What is the greatest common factor of 894 and 18?
6
What is the greatest common factor of 581 and 664?
83
Calculate the highest common factor of 357 and 252.
21
Calculate the greatest common factor of 80 and 3530.
10
What is the highest common divisor of 552 and 648?
24
Calculate the greatest common divisor of 475 and 76.
19
What is the greatest common factor of 154 and 22?
22
Calculate the highest common factor of 154 and 14707.
77
What is the highest common divisor of 608 and 19?
19
Calculate the highest common factor of 128 and 52.
4
What is the highest common divisor of 3312 and 432?
144
What is the highest common divisor of 11412 and 36?
36
What is the greatest common divisor of 371 and 689?
53
Calculate the greatest common divisor of 32 and 3.
1
Calculate the greatest common divisor of 43 and 1204.
43
Calculate the highest common factor of 115 and 14720.
115
What is the greatest common factor of 76 and 22268?
76
What is the highest common divisor of 78 and 663?
39
What is the greatest common divisor of 2 and 886?
2
Calculate the greatest common factor of 27 and 729.
27
Calculate the highest common factor of 217 and 21.
7
Calculate the greatest common factor of 36 and 2988.
36
Calculate the greatest common divisor of 18 and 63.
9
What is the highest common factor of 3552 and 192?
96
What is the highest common divisor of 81 and 51?
3
Calculate the highest common divisor of 125 and 55375.
125
What is the greatest common divisor of 28 and 518?
14
Calculate the highest common divisor of 938 and 14.
14
What is the highest common divisor of 16 and 17008?
16
Calculate the highest common factor of 30 and 15.
15
What is the greatest common divisor of 8 and 72?
8
Calculate the highest common factor of 4 and 1244.
4
Calculate the greatest common divisor of 60 and 78.
6
Calculate the highest common divisor of 399 and 42.
21
Calculate the greatest common divisor of 18 and 9522.
18
What is the greatest common divisor of 13 and 13?
13
Calculate the greatest common factor of 24 and 9.
3
What is the greatest common factor of 798 and 476?
14
Calculate the greatest common divisor of 4347 and 9.
9
Calculate the highest common factor of 352 and 143.
11
Calculate the greatest common factor of 11 and 1661.
11
Calculate the highest common divisor of 11 and 2629.
11
Calculate the highest common divisor of 705 and 255.
15
What is the greatest common factor of 378 and 1050?
42
What is the highest common factor of 278 and 20?
2
What is the greatest common factor of 96 and 42?
6
Calculate the greatest common divisor of 775 and 465.
155
What is the greatest common divisor of 27 and 18?
9
What is the greatest common factor of 68 and 51?
17
Calculate the highest common divisor of 810 and 1377.
81
What is the greatest common factor of 87 and 435?
87
Calculate the highest common divisor of 16 and 52.
4
Calculate the highest common factor of 1 and 11.
1
Calculate the greatest common divisor of 56 and 140.
28
Calculate the greatest common factor of 144903 and 33.
33
What is the greatest common divisor of 28 and 252?
28
Calculate the greatest common divisor of 90 and 15.
15
Calculate the highest common factor of 4720 and 80.
80
Calculate the highest common factor of 22858 and 66.
22
What is the highest common factor of 26224 and 4?
4
Calculate the highest common factor of 85 and 5.
5
What is the highest common factor of 27 and 9180?
27
What is the greatest common factor of 110 and 2970?
110
What is the greatest common divisor of 80 and 10?
10
What is the greatest common factor of 47 and 611?
47
What is the greatest common divisor of 162 and 6?
6
Calculate the highest common divisor of 51 and 187.
17
What is the greatest common divisor of 73 and 657?
73
What is the greatest common divisor of 104 and 32?
8
What is the highest common factor of 646 and 238?
34
Calculate the greatest common factor of 115 and 7130.
115
Calculate the highest common factor of 533 and 39.
13
Calculate the highest common factor of 1341 and 36.
9
What is the greatest common factor of 6520 and 40?
40
Calculate the highest common factor of 32 and 1688.
8
What is the greatest common divisor of 185 and 7955?
185
What is the greatest common factor of 63 and 14?
7
Calculate the greatest common divisor of 44 and 2827.
11
What is the highest common divisor of 8 and 752?
8
What is the highest common divisor of 70 and 40?
10
Calculate the highest common factor of 6 and 498.
6
Calculate the highest common factor of 312 and 351.
39
What is the highest common divisor of 1015 and 2465?
145
What is the greatest common factor of 3729 and 226?
113
What is the greatest common divisor of 408 and 6?
6
Calculate the greatest common divisor of 105 and 189.
21
Calculate the highest common factor of 280 and 160.
40
Calculate the greatest common divisor of 5350 and 50.
50
Calculate the highest common divisor of 3 and 33.
3
What is the greatest common divisor of 247 and 95?
19
What is the highest common divisor of 125 and 3625?
125
What is the greatest common divisor of 668 and 4?
4
What is the highest common factor of 20 and 5900?
20
Calculate the greatest common divisor of 32 and 94.
2
Calculate the greatest common divisor of 808 and 16.
8
What is the greatest common divisor of 288 and 64?
32
What is the highest common divisor of 8 and 88?
8
What is the highest common factor of 6264 and 648?
216
What is the greatest common divisor of 77 and 187?
11
Calculate the greatest common factor of 13 and 8.
1
Calculate the greatest common factor of 132 and 220.
44
Calculate the highest common factor of 11 and 8459.
11
What is the highest common factor of 64 and 87488?
64
Calculate the highest common factor of 70 and 550.
10
Calculate the greatest common divisor of 456 and 513.
57
What is the highest common divisor of 123 and 17425?
41
Calculate the highest common factor of 62 and 31.
31
Calculate the greatest common divisor of 1694 and 70.
14
What is the greatest common divisor of 23435 and 218?
109
Calculate the greatest common divisor of 46 and 1403.
23
What is the highest common divisor of 144 and 2736?
144
What is the greatest common divisor of 60 and 105?
15
What is the highest common divisor of 31690 and 10?
10
What is the greatest common factor of 720 and 3204?
36
What is the greatest common factor of 759 and 4125?
33
What is the highest common divisor of 437 and 133?
19
What is the greatest common divisor of 200 and 3128?
8
What is the highest common divisor of 10 and 590?
10
Calculate the greatest common factor of 64 and 12.
4
What is the highest common divisor of 11 and 2?
1
Calculate the greatest common factor of 378 and 938.
14
What is the greatest common divisor of 13836 and 12?
12
What is the greatest common divisor of 266 and 14?
14
Calculate the highest common divisor of 22239 and 189.
63
What is the greatest common factor of 171 and 19?
19
Calculate the highest common factor of 58 and 551.
29
What is the greatest common divisor of 8 and 18?
2
Calculate the greatest common divisor of 123 and 246.
123
What is the greatest common divisor of 50 and 4?
2
Calculate the highest common factor of 845 and 2470.
65
What is the highest common divisor of 6 and 21?
3
What is the highest common factor of 120 and 4608?
24
Calculate the highest common factor of 78 and 6123.
39
What is the highest common factor of 2146 and 116?
58
What is the highest common factor of 402 and 67?